test common divisor of 475817 and 6460?
19
What is the greatest common factor of 7107 and 4623?
69
What is the highest common factor of 20178 and 2574576?
342
What is the greatest common factor of 269726969 and 4684?
1171
Calculate the greatest common divisor of 1831 and 20018.
1
Calculate the highest common factor of 61615788 and 2556.
852
Calculate the greatest common factor of 4 and 28473736.
4
What is the highest common factor of 315 and 1904719005?
315
Calculate the highest common divisor of 11465240 and 2460.
820
What is the highest common factor of 1 and 42954103?
1
What is the greatest common divisor of 199994 and 1658434?
722
Calculate the highest common divisor of 3750 and 49953000.
750
What is the greatest common factor of 57961 and 2688379?
389
Calculate the greatest common divisor of 390514652 and 176.
44
Calculate the highest common factor of 18 and 3764979.
9
What is the greatest common factor of 72 and 7970968?
8
What is the highest common divisor of 24939825 and 705?
15
Calculate the greatest common divisor of 6261 and 605194521.
6261
Calculate the greatest common divisor of 4120431 and 97643.
259
What is the greatest common divisor of 147673525 and 45?
5
What is the greatest common divisor of 107304408 and 9?
9
What is the highest common divisor of 524331 and 561?
51
What is the highest common divisor of 3762648 and 96?
24
What is the highest common factor of 2631840601 and 1139?
1139
What is the greatest common divisor of 26563148 and 9876?
3292
Calculate the highest common factor of 24 and 77192.
8
Calculate the highest common divisor of 63238764 and 4.
4
What is the greatest common factor of 8952 and 53964?
12
Calculate the highest common divisor of 66087 and 2814.
21
What is the highest common divisor of 36317559 and 6?
3
What is the greatest common factor of 326313 and 12987?
117
Calculate the greatest common divisor of 422183544 and 1240.
248
Calculate the greatest common divisor of 1968 and 15260610.
246
Calculate the greatest common divisor of 7182837 and 11151.
1593
Calculate the greatest common divisor of 20200 and 2072520.
4040
Calculate the greatest common factor of 4460287 and 377.
377
What is the greatest common divisor of 23763087 and 18?
9
Calculate the greatest common factor of 3577987 and 14.
7
Calculate the highest common factor of 99937 and 23068.
73
What is the highest common factor of 4969627 and 52884?
1469
What is the greatest common factor of 2 and 85132678?
2
What is the highest common factor of 15817592 and 245?
49
What is the highest common factor of 7868 and 5992?
28
What is the greatest common divisor of 33251 and 1001015?
41
What is the greatest common divisor of 8025 and 343861620?
1605
Calculate the highest common divisor of 190 and 317997110.
190
Calculate the greatest common factor of 591797 and 1372725.
6101
Calculate the greatest common divisor of 61510873 and 785.
157
Calculate the highest common divisor of 1569705 and 2951.
227
Calculate the greatest common factor of 1059449 and 334121.
1679
What is the highest common factor of 468 and 1944059?
13
What is the highest common factor of 671 and 158136?
11
What is the highest common factor of 292653 and 837?
27
What is the greatest common factor of 24396 and 7086396?
1284
Calculate the greatest common divisor of 78907 and 43643.
19
What is the greatest common divisor of 53576940 and 11690?
1670
What is the highest common factor of 2004642 and 26298?
54
Calculate the highest common divisor of 955745 and 133630.
2905
What is the greatest common divisor of 1107 and 460125657?
1107
Calculate the greatest common factor of 169806 and 416598.
546
Calculate the greatest common factor of 3853654 and 784.
98
Calculate the greatest common factor of 2457 and 8481837.
273
What is the highest common divisor of 44829459 and 1665?
333
What is the highest common factor of 108 and 138461508?
108
Calculate the greatest common factor of 269080 and 737366.
434
Calculate the highest common divisor of 27439176 and 984.
24
Calculate the highest common divisor of 95120896 and 403.
403
Calculate the greatest common divisor of 827705 and 765.
5
Calculate the greatest common factor of 107285667 and 9819.
3273
Calculate the highest common divisor of 173706141 and 56.
7
Calculate the greatest common divisor of 13427015 and 1995.
665
Calculate the highest common divisor of 34244783 and 1093.
1093
What is the highest common factor of 61218 and 50?
2
What is the greatest common divisor of 33734256 and 600?
24
Calculate the greatest common divisor of 6293 and 38843.
217
What is the greatest common divisor of 49098189 and 609?
609
Calculate the greatest common factor of 10 and 4636595.
5
Calculate the greatest common factor of 4469066 and 43778.
742
What is the highest common divisor of 128 and 51166288?
16
Calculate the greatest common factor of 1184 and 8745216.
32
What is the greatest common factor of 110335494 and 1338?
1338
What is the highest common factor of 322987 and 2121?
7
What is the highest common divisor of 784 and 199699843?
49
Calculate the greatest common divisor of 197707 and 216486.
211
Calculate the greatest common factor of 491617 and 1421.
49
Calculate the highest common factor of 6611896 and 1923247.
3917
What is the greatest common divisor of 2150 and 450640?
430
Calculate the highest common factor of 3772 and 12744276.
164
Calculate the greatest common factor of 485193975 and 57.
57
What is the greatest common divisor of 1648543 and 1055?
211
What is the highest common divisor of 2421862 and 10274?
934
Calculate the greatest common divisor of 1614972628 and 101.
101
What is the highest common factor of 1530 and 13822290?
90
Calculate the highest common factor of 412916505 and 60.
15
What is the greatest common factor of 39 and 379653?
3
What is the greatest common divisor of 66 and 586455386?
22
Calculate the highest common divisor of 428648 and 3.
1
Calculate the highest common factor of 375422989 and 26319.
8773
Calculate the highest common factor of 4510 and 2745688.
902
Calculate the greatest common factor of 4897592 and 323.
19
Calculate the highest common divisor of 208640606 and 654.
218
What is the highest common divisor of 49427 and 534567127?
7061
Calculate the greatest common factor of 2816226 and 21462.
294
Calculate the greatest common factor of 16687777 and 1141.
163
What is the greatest common divisor of 3088910 and 6446?
22
What is the greatest common factor of 9653 and 9761941?
1379
Calculate the highest common divisor of 30110 and 77530.
10
What is the highest common divisor of 5752 and 4210492760?
5752
Calculate the highest common factor of 30193797 and 1572.
393
What is the greatest common divisor of 60936 and 712?
8
Calculate the greatest common factor of 415492 and 10508.
284
What is the highest common factor of 8451 and 548689?
313
Calculate the highest common factor of 1536 and 1023253248.
768
Calculate the highest common factor of 235989 and 681057.
117
Calculate the highest common divisor of 119549564 and 1567.
1567
What is the highest common factor of 399 and 21490854?
21
What is the greatest common divisor of 2107510 and 509540?
730
Calculate the greatest common divisor of 14707 and 44407309.
191
Calculate the highest common divisor of 294014 and 658.
14
Calculate the highest common factor of 36 and 2581893.
9
What is the greatest common divisor of 264 and 11592537?
33
What is the highest common factor of 113607215 and 12065?
635
Calculate the highest common factor of 3745 and 2923240.
535
Calculate the highest common divisor of 65529 and 861585.
2427
What is the highest common divisor of 34280 and 86174778?
1714
Calculate the highest common divisor of 77112 and 1391985.
567
What is the highest common factor of 179 and 3519319?
179
Calculate the greatest common factor of 20335156 and 7116.
2372
Calculate the greatest common divisor of 69975821 and 83827.
4931
What is the highest common divisor of 1630 and 159170315?
815
Calculate the highest common factor of 2149939083 and 122.
61
Calculate the greatest common factor of 345 and 2849370.
15
What is the highest common divisor of 96 and 6811764?
12
What is the greatest common divisor of 623632 and 16?
16
Calculate the highest common divisor of 9120 and 72408.
24
What is t